{"id":13,"date":"2016-11-18T16:44:47","date_gmt":"2016-11-18T15:44:47","guid":{"rendered":"https:\/\/www.zikweb.net\/?page_id=13"},"modified":"2026-01-31T17:21:07","modified_gmt":"2026-01-31T16:21:07","slug":"a-propos-de-zikweb","status":"publish","type":"page","link":"https:\/\/www.zikweb.net\/","title":{"rendered":"K\u00e9zaKo ZiKweb ?"},"content":{"rendered":"\n<p>Wobah les gens qui sont tomb\u00e9s par hasard sur ce site. SI vous \u00eates arriv\u00e9 ici, c&rsquo;est que vous avez du forc\u00e9ment taper le mot ZiKweb dans google \ud83d\ude42<\/p>\n\n\n\n<h2 class=\"wp-block-heading\"><strong>C&rsquo;\u00e9tait quoi ZiKweb ?<\/strong><\/h2>\n\n\n\n<p><strong>ZiKweb<\/strong> \u00e9tait une \u00e9mission de radio diffus\u00e9e entre 1998 et 2001 de 20h \u00e0 minuit sur l&rsquo;antenne de la radio RTL. <br>A cette \u00e9poque, fin des ann\u00e9es 90 et d\u00e9but des ann\u00e9es 2000, Internet commen\u00e7ait \u00e0 peine \u00e0 se d\u00e9mocratiser et \u00e0 \u00eatre accessible dans chaque foyer. <br>Cette \u00e9mission \u00e9tait un m\u00e9lange de ZiK et de weB (d\u2019ou le nom de ZiKweB) :  la programmation oscillait entre pr\u00e9sentation de&nbsp;divers sites internet par soir tout en faisant \u00e9couter de la bonne musique (du moment, mais principalement Rock, Pop&#8230;).<\/p>\n\n\n\n<h2 class=\"wp-block-heading has-text-align-justify\">Zikweb, c&rsquo;\u00e9tait qui ?<\/h2>\n\n\n\n<p class=\"has-text-align-justify\">Cette \u00e9mission de radio \u00e9tait anim\u00e9e par Fran\u00e7is Z\u00e9gut (Z\u00e9Z\u00e9) la semaine&nbsp;et par Bertrand Amar (Bamar) le weekend, mais aussi parfois par Eric Jeanjean (Jean\u00b2) en remplacement. Le casting \u00e9tait excellent \ud83d\ude42<\/p>\n\n\n\n<p class=\"has-text-align-justify\"><strong>Qui est fran\u00e7is Z\u00e9gut <\/strong>: <a href=\"https:\/\/fr.wikipedia.org\/wiki\/Francis_Z%C3%A9gut\">https:\/\/fr.wikipedia.org\/wiki\/Francis_Z%C3%A9gut<\/a><br><strong>Qui est Bamar :<\/strong> <a href=\"https:\/\/fr.wikipedia.org\/wiki\/Bertrand_Amar\">https:\/\/fr.wikipedia.org\/wiki\/Bertrand_Amar<\/a><br><strong>Qui est Jean\u00b2 :<\/strong> <a href=\"https:\/\/fr.wikipedia.org\/wiki\/%C3%89ric_Jean-Jean\">https:\/\/fr.wikipedia.org\/wiki\/%C3%89ric_Jean-Jean<\/a><\/p>\n\n\n\n<p class=\"has-text-align-justify\">Il y avait aussi les assistants d&rsquo;antenne : Tomtakin, Goldie, Shaolin, Le Pretre&#8230; et les r\u00e9alisateurs.<\/p>\n\n\n\n<h2 class=\"wp-block-heading has-text-align-justify\">La communaut\u00e9 ZiKweb<\/h2>\n\n\n\n<p class=\"has-text-align-justify\">Autour de l&rsquo;\u00e9mission de radio ZiKweb, toute une communaut\u00e9 d&rsquo;internautes s&rsquo;est developp\u00e9e, certains provenait d&rsquo;une ancienne \u00e9mission de Z\u00e9z\u00e9 qui \u00e9tait aussi diffus\u00e9e sur RTL : \u00ab\u00a0PlugIn\u00a0\u00bb, d&rsquo;autres provenait du Rock tout simplement, et certains \u00e9tait l\u00e0 par curiosit\u00e9 : et cette communaut\u00e9e se r\u00e9unissait tous les soirs sur le Chat du site internet de l&rsquo;\u00e9mission de radio mais aussi le Chan IRC, et parfois il y a eu de vrais rencontres IRL (ndlr : In Real Life). <br>Nous nous retrouvions plusieurs fois par an autour d&rsquo;un repas (ZiKbouffe ou ZiKniK) pour partager tous ensemble notre passion pour cette \u00e9mission de radio.&nbsp;Certaines ZiKbouffes ont m\u00eame eu lieus dans les fameux studios d&rsquo;RTL au 22 rue Bayard pour une \u00e9mission en live, d&rsquo;autres dans des restaurants parisiens pouvant r\u00e9unir une bonne cinquantaine de personnes ayant fait le d\u00e9placement expres des 4 coins de la France (mais aussi de Belgique) .<\/p>\n\n\n\n<p class=\"has-text-align-justify\">Tous ceux qui ont connus cette \u00e9mission de pr\u00e8s (IRL) ou de loin (simple auditeur) et qui ont pu participer \u00e0 la communaut\u00e9 ont \u00e9t\u00e9 forc\u00e9ment marqu\u00e9 par celle-ci ! Il y a comme une g\u00e9n\u00e9ration ZiKweb \ud83d\ude42<\/p>\n\n\n\n<p>Anecdotes personnelles \ud83d\ude42 Pour vous donner une id\u00e9e que l&rsquo;impact de cette \u00e9mission dans ma vie : <br>&#8211; chez moi, jeune adulte \u00e0 l&rsquo;\u00e9poque, avec mes parents, nous \u00e9coutions ZiKweb au moment du repas du soir, en famille; <br>&#8211; j&rsquo;ai fait mes premiers pas sur Internet avec cette \u00e9mission de radio, <br>&#8211; j&rsquo;ai cr\u00e9\u00e9 mes premiers sites web en HTML, <br>&#8211; j&rsquo;ai particip\u00e9 activement au chat et au chan quasiment tous les soirs , je suis pass\u00e9 r\u00e9gulierement \u00e0 l&rsquo;antenne pour je ne sais plus quels motifs, (dediwebs, jeux, citations du chan ou du chat&#8230;), je suis meme pass\u00e9 en direct pour un site web que j&rsquo;avais cr\u00e9\u00e9 autour de la communaut\u00e9 de cette \u00e9mission de radio (g\u00e9n\u00e9ration zikweb), intervention qui a fait la fiert\u00e9 de ma maman pendant des ann\u00e9es ; <br>&#8211; j&rsquo;ai fait le site internet de mon bahut et le site a \u00e9t\u00e9 recompens\u00e9 par un jury dont z\u00e9z\u00e9 faisait partie, le prix \u00e9tait une invitation \u00e0 la garden party \u00e0 l&rsquo;\u00e9lys\u00e9e pour le 14 juillet de l&rsquo;\u00e9poque avec tout un groupe de lyc\u00e9en (donc aussi un peu grace \u00e0 ZiKweb); <br>&#8211; ensuite, venant de province, je suis mont\u00e9 sur Paris pour trouver du travail dans l&rsquo;informatique grace \u00e0 cette \u00e9mission, je me faisais des journ\u00e9es expeditions \u00e0 partis avec des entretiens d&#8217;embauches la journ\u00e9e et je rejoignais le 22 rue bayard en fin de journ\u00e9e pour y croiser z\u00e9z\u00e9 ou bamar avec l&rsquo;aides des assitants d&rsquo;antenne, et pour aussi assiter en live \u00e0 l&rsquo;\u00e9mission depuis les studios &#8230; cela fait maintenant 25 ans que je travail dans le domaine de l&rsquo;informatique un peu grace \u00e0 ZiKweb.<br>&#8211; autre anecdote et non des moindre, j&rsquo;ai rencontr\u00e9 ma compagne gr\u00e2ce \u00e0 ZiKweb, lors d&rsquo;une rencontre entre auditeurs et l\u00e0 aussi cela fait 25 ans que nous sommes ensemble \ud83d\ude42<\/p>\n\n\n\n<p>Comme vous le voyez, ZiKweb a \u00e9t\u00e9 tr\u00e8s marquant dans ma vie, et je ne pense pas \u00eatre le seul ainsi.<\/p>\n\n\n\n<h2 class=\"wp-block-heading\">La Fin de ZiKweb<\/h2>\n\n\n\n<p class=\"has-text-align-justify\">En 2001, la direction du groupe RTL a d\u00e9cid\u00e9 d\u2019arr\u00eater ZiKweb (grrrrrr) au profit d&rsquo;une \u00e9mission d&rsquo;horoscope de Christine Haas, mais aussi au profit de quelques soir\u00e9es Foot (re grrrrrr). <\/p>\n\n\n\n<p class=\"has-text-align-justify\">A l&rsquo;\u00e9poque, c&rsquo;\u00e9tait un peu la charette des anciens animateurs qui \u00e9tait le mot d&rsquo;ordre \u00e0 la direction d&rsquo;RTL (plus d&rsquo;infos par <a href=\"https:\/\/www.zikweb.net\/?p=162\" data-type=\"link\" data-id=\"https:\/\/www.zikweb.net\/?p=162\">ici<\/a>), c&rsquo;est bien dommage&#8230; Nous avons tenter de manifester (nous nous sommes memes rendus au 22 rue Bayard et avons bloqu\u00e9 la rue&#8230;) mais en vain, la d\u00e9cision \u00e9tait prise et c&rsquo;\u00e9tait ainsi&#8230;<\/p>\n\n\n\n<p class=\"has-text-align-justify\">L&rsquo;\u00e9mission s&rsquo;est arret\u00e9, nous n&rsquo;avons rien pu faire, ni nous ni personne, la d\u00e9cision \u00e9tait prise, c&rsquo;est comme \u00e7a&#8230;  le dernier morceau diffus\u00e9e \u00e0 l&rsquo;antenne lors de la derni\u00e8re de ZiKweb \u00e9tait l&rsquo;Adagio for Strings de Samuel Barber, s&rsquo;en ai suivi un long \u00e9change avec beaucoupo d&rsquo;\u00e9motions avec l&rsquo;illustre Georges Lang &#8230; <\/p>\n\n\n\n<p class=\"has-text-align-justify\">La rentr\u00e9e d&rsquo;apr\u00e8s, Z\u00e9z\u00e9 est pass\u00e9 animateur de \u00ab\u00a0PoprockStation\u00a0\u00bb sur <a href=\"http:\/\/www.rtl2.fr\/\" target=\"_blank\" rel=\"noopener\">RTL2<\/a>\u00a0, Bamar continue sa carri\u00e8re dans les m\u00e9dias et autour des jeux vid\u00e9os et Jean\u00b2 continue sa carri\u00e8re avec le groupe RTL. <br>Et nous, simples auditeurs de ZiKweb avons garder en m\u00e9moire cette \u00e9mission de radio chui chez certains \u00e9tait culte.<\/p>\n\n\n\n<h2 class=\"wp-block-heading has-text-align-justify\">L&rsquo;esprit ZiKweb<\/h2>\n\n\n\n<p class=\"has-text-align-justify\"><strong>L&rsquo;esprit ZiKweb, cependant, perdure :\u00a0car oui, on peut parler d&rsquo;un esprit ZiKweb voir m\u00eame d&rsquo;une g\u00e9n\u00e9ration ZiKweb \ud83d\ude42<\/strong><br>Certains membres de la communaut\u00e9 ont gard\u00e9 contact tout au long des ann\u00e9es (plus de 25 apr\u00e8s) et parfois se retrouvent encore pour partager de bons moments.<\/p>\n\n\n\n<p class=\"has-text-align-justify\">Durant le covid19, il y a m\u00eame eu un revival : nous avons mont\u00e9 avec un petit groupe des visios zoom entre \u00ab\u00a0anciens\u00a0\u00bb de ZiKweb, une page facebook existe toujours et encore, nous sommes une petite poign\u00e9e \u00e0 continuer d&rsquo;echanger r\u00e9guli\u00e8rement.<\/p>\n\n\n\n<p class=\"has-text-align-justify\">L&rsquo;id\u00e9e de remettre la main sur le nom de domaine ZiKweb.net ( en .net qui rappelez vous \u00e9tait le nom de domaine du site associ\u00e9 \u00e0 l&rsquo;\u00e9mission \u00e0 l&rsquo;\u00e9poque) m&rsquo;est venu dans la nuit du 16 au 17 Novembre 2016, juste apr\u00e8s avoir pu assister \u00e0 la soir\u00e9e anniversaire des 40 ans de radio de Fran\u00e7is Z\u00e9gut au grand studio RTL\/RTL 22 rue Bayard (ndlr :\u00a0<a href=\"https:\/\/www.zikweb.net\/?p=3\">https:\/\/www.zikweb.net\/?p=3<\/a>) .<br>Le lendemain matin, je n&rsquo;avais qu&rsquo;une seule id\u00e9e en t\u00eate : essayer de construire un site sur le monument de ce qu&rsquo;\u00e0 repr\u00e9senter ZiKweb pour toute une g\u00e9n\u00e9ration dont je fais partie ! <br>Une ptite commande noms de domaine et h\u00e9bergement et quelques heures plus tard installation de wordpress + d&rsquo;un th\u00e8me et des extensions sympas et rulezzzz \ud83d\ude42<\/p>\n\n\n\n<p>Oh bien sur, remettre la main sur le nom de domaine et le garder pour y faire ce site ne fais pas tout, si vous souhaitez contribuer \u00e0 ce site, n\u2019h\u00e9sitez pas \u00e0 <a href=\"https:\/\/www.zikweb.net\/?page_id=65\">me contacter<\/a> car effectivement je recherche de l&rsquo;aide notamment pour la construction d&rsquo;un annuaire recensant tous les sites web parlant de ZiKweb \ud83d\ude42<\/p>\n\n\n\n<div class=\"wp-block-query is-layout-flow wp-block-query-is-layout-flow\"><ul class=\"wp-block-post-template is-layout-flow wp-block-post-template-is-layout-flow\"><li class=\"wp-block-post post-358 post type-post status-publish format-standard has-post-thumbnail hentry category-non-classe category-tes-zik\">\n\n<div class=\"wp-block-columns alignwide is-layout-flex wp-container-core-columns-is-layout-9d6595d7 wp-block-columns-is-layout-flex\">\n<div class=\"wp-block-column is-layout-flow wp-block-column-is-layout-flow\" style=\"flex-basis:66.66%\"><figure class=\"wp-block-post-featured-image\"><a href=\"https:\/\/www.zikweb.net\/?p=358\" target=\"_self\"  ><img data-recalc-dims=\"1\" loading=\"lazy\" decoding=\"async\" width=\"1024\" height=\"768\" src=\"https:\/\/i0.wp.com\/www.zikweb.net\/wp-content\/uploads\/2022\/01\/playlist-80s-90s-spotify-with-rock-and-pop-song-with.png?resize=1024%2C768&#038;ssl=1\" class=\"attachment-post-thumbnail size-post-thumbnail wp-post-image\" alt=\"Playlist \u00ab\u00a0G\u00e9n\u00e9ration ZiKweb\u00a0\u00bb sur Spotify\" style=\"object-fit:cover;\" srcset=\"https:\/\/i0.wp.com\/www.zikweb.net\/wp-content\/uploads\/2022\/01\/playlist-80s-90s-spotify-with-rock-and-pop-song-with.png?w=1024&amp;ssl=1 1024w, https:\/\/i0.wp.com\/www.zikweb.net\/wp-content\/uploads\/2022\/01\/playlist-80s-90s-spotify-with-rock-and-pop-song-with.png?resize=300%2C225&amp;ssl=1 300w, https:\/\/i0.wp.com\/www.zikweb.net\/wp-content\/uploads\/2022\/01\/playlist-80s-90s-spotify-with-rock-and-pop-song-with.png?resize=768%2C576&amp;ssl=1 768w, https:\/\/i0.wp.com\/www.zikweb.net\/wp-content\/uploads\/2022\/01\/playlist-80s-90s-spotify-with-rock-and-pop-song-with.png?resize=678%2C509&amp;ssl=1 678w, https:\/\/i0.wp.com\/www.zikweb.net\/wp-content\/uploads\/2022\/01\/playlist-80s-90s-spotify-with-rock-and-pop-song-with.png?resize=326%2C245&amp;ssl=1 326w, https:\/\/i0.wp.com\/www.zikweb.net\/wp-content\/uploads\/2022\/01\/playlist-80s-90s-spotify-with-rock-and-pop-song-with.png?resize=80%2C60&amp;ssl=1 80w\" sizes=\"auto, (max-width: 1000px) 100vw, 1000px\" \/><\/a><\/figure><\/div>\n\n\n\n<div class=\"wp-block-column is-layout-flow wp-block-column-is-layout-flow\" style=\"flex-basis:33.33%\"><h2 class=\"wp-block-post-title\"><a href=\"https:\/\/www.zikweb.net\/?p=358\" target=\"_self\" >Playlist \u00ab\u00a0G\u00e9n\u00e9ration ZiKweb\u00a0\u00bb sur Spotify<\/a><\/h2>\n\n<div class=\"wp-block-post-excerpt\"><p class=\"wp-block-post-excerpt__excerpt\">Wobah \u00e0 tous, Apr\u00e8s quelques recherches, j&rsquo;ai effectu\u00e9 une s\u00e9lection de musique et de chansons qui \u00e9taient diffus\u00e9s \u00e0 l&rsquo;\u00e9poque de ZIKWEB (mais aussi de avant septembre 2021). Exercice qui peut paraitre simple au d\u00e9part pour retrouver certains titres facilement [la suite en cliquant ici &#8230;] <\/p><\/div><\/div>\n<\/div>\n\n<\/li><li class=\"wp-block-post post-311 post type-post status-publish format-standard has-post-thumbnail hentry category-non-classe\">\n\n<div class=\"wp-block-columns alignwide is-layout-flex wp-container-core-columns-is-layout-9d6595d7 wp-block-columns-is-layout-flex\">\n<div class=\"wp-block-column is-layout-flow wp-block-column-is-layout-flow\" style=\"flex-basis:66.66%\"><figure class=\"wp-block-post-featured-image\"><a href=\"https:\/\/www.zikweb.net\/?p=311\" target=\"_self\"  ><img data-recalc-dims=\"1\" loading=\"lazy\" decoding=\"async\" width=\"960\" height=\"654\" src=\"https:\/\/i0.wp.com\/www.zikweb.net\/wp-content\/uploads\/2020\/06\/103075169_10158366619609036_5421252044797247488_n.jpg?resize=960%2C654&#038;ssl=1\" class=\"attachment-post-thumbnail size-post-thumbnail wp-post-image\" alt=\"Zikwebapero ZOOM tous les jeudis 19h00\" style=\"object-fit:cover;\" srcset=\"https:\/\/i0.wp.com\/www.zikweb.net\/wp-content\/uploads\/2020\/06\/103075169_10158366619609036_5421252044797247488_n.jpg?w=960&amp;ssl=1 960w, https:\/\/i0.wp.com\/www.zikweb.net\/wp-content\/uploads\/2020\/06\/103075169_10158366619609036_5421252044797247488_n.jpg?resize=300%2C204&amp;ssl=1 300w, https:\/\/i0.wp.com\/www.zikweb.net\/wp-content\/uploads\/2020\/06\/103075169_10158366619609036_5421252044797247488_n.jpg?resize=768%2C523&amp;ssl=1 768w\" sizes=\"auto, (max-width: 960px) 100vw, 960px\" \/><\/a><\/figure><\/div>\n\n\n\n<div class=\"wp-block-column is-layout-flow wp-block-column-is-layout-flow\" style=\"flex-basis:33.33%\"><h2 class=\"wp-block-post-title\"><a href=\"https:\/\/www.zikweb.net\/?p=311\" target=\"_self\" >Zikwebapero ZOOM tous les jeudis 19h00<\/a><\/h2>\n\n<div class=\"wp-block-post-excerpt\"><p class=\"wp-block-post-excerpt__excerpt\">Effet coronavirus, pendant le confinement certains membres du groupe&nbsp; Facebook \u00ab\u00a0T&rsquo;es zik, t&rsquo;es web, t&rsquo;es Zikweb!\u00a0\u00bb se sont recontact\u00e9 et ont mis en place des vision conf\u00e9rence ap\u00e9ro sur le th\u00e8me de ZiKweb pour se rem\u00e9morer les bons souvenirs mais [la suite en cliquant ici &#8230;] <\/p><\/div><\/div>\n<\/div>\n\n<\/li><li class=\"wp-block-post post-306 post type-post status-publish format-standard has-post-thumbnail hentry category-non-classe\">\n\n<div class=\"wp-block-columns alignwide is-layout-flex wp-container-core-columns-is-layout-9d6595d7 wp-block-columns-is-layout-flex\">\n<div class=\"wp-block-column is-layout-flow wp-block-column-is-layout-flow\" style=\"flex-basis:66.66%\"><figure class=\"wp-block-post-featured-image\"><a href=\"https:\/\/www.zikweb.net\/?p=306\" target=\"_self\"  ><img data-recalc-dims=\"1\" loading=\"lazy\" decoding=\"async\" width=\"2340\" height=\"2536\" src=\"https:\/\/i0.wp.com\/www.zikweb.net\/wp-content\/uploads\/2020\/06\/skull-homme-2.jpg?resize=2340%2C2536&#038;ssl=1\" class=\"attachment-post-thumbnail size-post-thumbnail wp-post-image\" alt=\"Les T-Shirts ByZegut :)\" style=\"object-fit:cover;\" srcset=\"https:\/\/i0.wp.com\/www.zikweb.net\/wp-content\/uploads\/2020\/06\/skull-homme-2.jpg?w=2340&amp;ssl=1 2340w, https:\/\/i0.wp.com\/www.zikweb.net\/wp-content\/uploads\/2020\/06\/skull-homme-2.jpg?resize=277%2C300&amp;ssl=1 277w, https:\/\/i0.wp.com\/www.zikweb.net\/wp-content\/uploads\/2020\/06\/skull-homme-2.jpg?resize=945%2C1024&amp;ssl=1 945w, https:\/\/i0.wp.com\/www.zikweb.net\/wp-content\/uploads\/2020\/06\/skull-homme-2.jpg?resize=768%2C832&amp;ssl=1 768w, https:\/\/i0.wp.com\/www.zikweb.net\/wp-content\/uploads\/2020\/06\/skull-homme-2.jpg?resize=1417%2C1536&amp;ssl=1 1417w, https:\/\/i0.wp.com\/www.zikweb.net\/wp-content\/uploads\/2020\/06\/skull-homme-2.jpg?resize=1890%2C2048&amp;ssl=1 1890w, https:\/\/i0.wp.com\/www.zikweb.net\/wp-content\/uploads\/2020\/06\/skull-homme-2.jpg?w=2000&amp;ssl=1 2000w\" sizes=\"auto, (max-width: 1000px) 100vw, 1000px\" \/><\/a><\/figure><\/div>\n\n\n\n<div class=\"wp-block-column is-layout-flow wp-block-column-is-layout-flow\" style=\"flex-basis:33.33%\"><h2 class=\"wp-block-post-title\"><a href=\"https:\/\/www.zikweb.net\/?p=306\" target=\"_self\" >Les T-Shirts ByZegut \ud83d\ude42<\/a><\/h2>\n\n<div class=\"wp-block-post-excerpt\"><p class=\"wp-block-post-excerpt__excerpt\"> <\/p><\/div><\/div>\n<\/div>\n\n<\/li><\/ul><\/div>\n<div class=\"pvc_clear\"><\/div><p id=\"pvc_stats_13\" class=\"pvc_stats all  \" data-element-id=\"13\" style=\"\"><i class=\"pvc-stats-icon small\" aria-hidden=\"true\"><svg aria-hidden=\"true\" focusable=\"false\" data-prefix=\"far\" data-icon=\"chart-bar\" role=\"img\" xmlns=\"http:\/\/www.w3.org\/2000\/svg\" viewBox=\"0 0 512 512\" class=\"svg-inline--fa fa-chart-bar fa-w-16 fa-2x\"><path fill=\"currentColor\" d=\"M396.8 352h22.4c6.4 0 12.8-6.4 12.8-12.8V108.8c0-6.4-6.4-12.8-12.8-12.8h-22.4c-6.4 0-12.8 6.4-12.8 12.8v230.4c0 6.4 6.4 12.8 12.8 12.8zm-192 0h22.4c6.4 0 12.8-6.4 12.8-12.8V140.8c0-6.4-6.4-12.8-12.8-12.8h-22.4c-6.4 0-12.8 6.4-12.8 12.8v198.4c0 6.4 6.4 12.8 12.8 12.8zm96 0h22.4c6.4 0 12.8-6.4 12.8-12.8V204.8c0-6.4-6.4-12.8-12.8-12.8h-22.4c-6.4 0-12.8 6.4-12.8 12.8v134.4c0 6.4 6.4 12.8 12.8 12.8zM496 400H48V80c0-8.84-7.16-16-16-16H16C7.16 64 0 71.16 0 80v336c0 17.67 14.33 32 32 32h464c8.84 0 16-7.16 16-16v-16c0-8.84-7.16-16-16-16zm-387.2-48h22.4c6.4 0 12.8-6.4 12.8-12.8v-70.4c0-6.4-6.4-12.8-12.8-12.8h-22.4c-6.4 0-12.8 6.4-12.8 12.8v70.4c0 6.4 6.4 12.8 12.8 12.8z\" class=\"\"><\/path><\/svg><\/i> <img data-recalc-dims=\"1\" loading=\"lazy\" decoding=\"async\" width=\"16\" height=\"16\" alt=\"Loading\" src=\"https:\/\/i0.wp.com\/www.zikweb.net\/wp-content\/plugins\/page-views-count\/ajax-loader-2x.gif?resize=16%2C16&#038;ssl=1\" border=0 \/><\/p><div class=\"pvc_clear\"><\/div>","protected":false},"excerpt":{"rendered":"<div class=\"mh-excerpt\"><p>Wobah les gens qui sont tomb\u00e9s par hasard sur ce site. SI vous \u00eates arriv\u00e9 ici, c&rsquo;est que vous avez du forc\u00e9ment taper le mot ZiKweb dans google \ud83d\ude42 C&rsquo;\u00e9tait quoi ZiKweb ? ZiKweb \u00e9tait une \u00e9mission de radio diffus\u00e9e <a class=\"mh-excerpt-more\" href=\"https:\/\/www.zikweb.net\/\" title=\"K\u00e9zaKo ZiKweb ?\">[la suite en cliquant ici &#8230;]<\/a><\/p>\n<\/div>","protected":false},"author":1,"featured_media":0,"parent":0,"menu_order":0,"comment_status":"closed","ping_status":"closed","template":"","meta":{"h5ap_radio_sources":[],"footnotes":""},"class_list":["post-13","page","type-page","status-publish","hentry"],"jetpack_sharing_enabled":true,"_links":{"self":[{"href":"https:\/\/www.zikweb.net\/index.php?rest_route=\/wp\/v2\/pages\/13","targetHints":{"allow":["GET"]}}],"collection":[{"href":"https:\/\/www.zikweb.net\/index.php?rest_route=\/wp\/v2\/pages"}],"about":[{"href":"https:\/\/www.zikweb.net\/index.php?rest_route=\/wp\/v2\/types\/page"}],"author":[{"embeddable":true,"href":"https:\/\/www.zikweb.net\/index.php?rest_route=\/wp\/v2\/users\/1"}],"replies":[{"embeddable":true,"href":"https:\/\/www.zikweb.net\/index.php?rest_route=%2Fwp%2Fv2%2Fcomments&post=13"}],"version-history":[{"count":16,"href":"https:\/\/www.zikweb.net\/index.php?rest_route=\/wp\/v2\/pages\/13\/revisions"}],"predecessor-version":[{"id":401,"href":"https:\/\/www.zikweb.net\/index.php?rest_route=\/wp\/v2\/pages\/13\/revisions\/401"}],"wp:attachment":[{"href":"https:\/\/www.zikweb.net\/index.php?rest_route=%2Fwp%2Fv2%2Fmedia&parent=13"}],"curies":[{"name":"wp","href":"https:\/\/api.w.org\/{rel}","templated":true}]}}